33
-52 - -42 - 28 - (1 - 28)
-11
24 - (2624 + -2656 + (-1 - 32))
89
What is 2158 + -2174 + (1 - -12)?
-3
Calculate -50 + 194 - (-1 + 28) - 36.
81
Calculate -48 - 24 - -55 - (-10 + (3 - 120)).
110
-1383 - -1400 - (-67 - (3 + -2 + -6))
79
What is the value of ((0 - 8 - (-20 + 25)) + 23 - -3) + 66?
79
Calculate -28 - (-48 - (-25 + 24 - 36)).
-17
(-74 - 2) + (-1937 - -2087)
74
Evaluate -15 + 45 + -1 + 26 + (-32 - -5).
28
-7 + 0 - ((-65 - -5) + 61) - (-9 - -33)
-32
(-4 - 0) + (636 - 656) - -8
-16
What is the value of 6 + -1 + -5 + 9 + 8 + 3?
20
What is (-39 - (-86 - -37)) + 2 + -18?
-6
Evaluate -118 - ((-7 - -11) + -97).
-25
What is 5837 + -5818 + (6 - -1)?
26
What is the value of -162 + 183 + -7 + 4 + 30?
48
Calculate 9 + -55 - (14 + (-2 + 4 - 19)).
-43
-8 - -17 - (-2 + (-14 - (-27 - 3)))
-5
-78 - (7 - (12 - -33 - 24))
-64
What is (-11 - -6) + 6 + 11 + 16 + 4?
32
What is -11 - ((16 - 30) + (4 - 18)) - 12?
5
What is the value of -19 - ((-60 - (2 + -23)) + 4)?
16
9 + (8 - ((-3 - -29) + -9) - 7)
-7
Evaluate (-39 - (-33 - 19)) + (-60 - (6 - 1) - -3).
-49
What is (2 - 43 - -51) + 25?
35
What is -66 + 63 + (-23 - -4) - -21?
-1
What is (6 - (16 - -13)) + 35 + -73?
-61
-22 - ((-20 - (0 - 6)) + -163 + 174)
-19
What is 18 + -7 + (0 - (-2 - -15)) + (115 - 142)?
-29
What is 3 + (2 - 6) + (-1465 - -1446)?
-20
What is -28 + 33 - ((-4 + -2 - 10) + (4 - 1))?
18
Calculate (9 + 6 + -9 - 7) + -15.
-16
What is the value of 36 + 10 + 26 + -18 + 4 + -1 + -4?
53
Evaluate -3 - (-16 + (98 - (2 - -15)) - 14).
-54
What is -76 - (81 + -264 + 42)?
65
What is -3 + (-18 - -24 - (-46 - (-1 + 2)))?
50
What is 9 - (3 - -1 - 0) - (12 + 12)?
-19
Calculate 12 - (-51 + 17 + (-6 - 8)).
60
What is the value of 15 + (-7 - 12) - (-1 - 6) - 5?
-2
What is -16 - -2 - (-38 - (11 + (15 - -7)))?
57
What is the value of ((-47 - 37) + 36 - -65) + 103?
120
What is the value of (-204 - -3) + -8435 + 8565?
-71
What is -9 + 4 + 16 - 15 - -19?
15
What is 46 - (5 - 16 - -1) - (31 + -32)?
57
-12 + -7 + 8 + (-12 - -13)
-10
What is the value of -142 + (34 - -160) + -106?
-54
What is the value of (-27 - -43) + -19 + (-5 - -7) + (1 - -6)?
6
13 + (5 - 8) + (10 - 76) + 8
-48
What is the value of 20 + 48 + -105 + (-24 - -10)?
-51
What is the value of -1 - -43 - (32 - ((11 - 0) + 15) - 19)?
55
Evaluate -7 - (-8 + (0 - -5) - -6) - 3 - 7.
-20
-809 + 790 - ((0 - -74) + (-8 - -7))
-92
Evaluate 21 - (-59 + 64) - (13 + -7 - -100).
-90
What is (-100 - (-38 + 38) - -36) + -32?
-96
Evaluate -45 - (-20 + 84 + -159).
50
Calculate 622 + -700 - (-12 + -31).
-35
-254 + 119 + (-9 - -239)
95
Evaluate -16 - (27 - 21) - -3 - -155 - 21.
115
Calculate -11 + 0 + -33 + 2 + (24 - 17).
-35
-78 + 34 + -46 + 216
126
What is 34 + (-91 - (22 + -31 + -23))?
-25
Evaluate 13 - (89 + -88 + (-4 + 1 - 16)).
31
Evaluate 57 - (75 + -64 - (-8 - -2)).
40
What is the value of 57 - (81 - 113 - 19)?
108
What is the value of -16 - (-32 + 51) - 30?
-65
What is (10 - (-15 - (-27 + -12))) + 44?
30
(-20 - (22 + -8 - 18)) + -7 - 41
-64
Calculate -2 - 16 - (-13 - (12 - 24) - 79).
62
0 + -57 + -14 + (21 + -11 + 2 - -4)
-55
What is (65 - (81 - 68) - -36) + (26 - 1)?
113
Evaluate -6 + (19 - -49) + 7 - (-42 + 34).
77
-30 + (14 + -4 - -20) + (1 - (1 - 58))
58
Evaluate (1 - -41) + 620 + -679 + -13 + -1 + 1.
-30
What is the value of (-6 - (-15 + (7 - 7))) + (-81 - -8 - -6)?
-58
Evaluate (-4 - -286) + -122 - 69.
91
Evaluate (-18 - (-34 - 24)) + -70.
-30
What is the value of -917 - -995 - (-10 + -11)?
99
What is the value of -53 + (-140 - -312) + -30?
89
What is -2 + (-1 - (-2 - 1 - -6)) + 27 + -25?
-4
What is (17 - -20) + -48 - (-2 + (-2 - 0) - 1)?
-6
What is the value of -174 + 97 + (-7 - -118)?
34
237 + -150 - (-6 - -3 - -21)
69
Evaluate -120 + (-8 - (35 - -1)) + 76.
-88
What is the value of 200 + -197 + (45 - 6)?
42
What is the value of (96 - 193) + 132 + -44?
-9
What is the value of -61 + -5 - (134 + -149 + (-1 - -11) + -2)?
-59
-19 - -102 - -65 - 40
108
25 + ((-5 - 17 - -18) + -21 - 11)
-11
Evaluate (-9 + 11 - -49) + -11 + (-11 - (-13 + 0)).
42
1 + -13 - (-7 + -7 + -10) - 3 - 55
-46
6 + -16 - (12 + (-23 - -8) - 8)
1
Evaluate 4 + (1 + 25 - (-168 - -177)).
21
What is the value of 212 + -215 + (25 - 1) + -27 - (9 + -1)?
-14
Calculate (73 - (16 + 19)) + 32.
70
Calculate 16 + -1 + -1 + -120 + (114 - 39).
-31
What is (38 - (27 - -2) - -18) + -104?
-77
What is -7 + -23 + (-2 + -17 - (-6 - 0))?
-43
Evaluate 14 + (10 - -7) + 34 + -10 + -21.
34
What is -4 + 5 - (22 + -9 - 19) - (0 + -7)?
14
(23 - 40 - -38) + -25
-4
-2 - -49 - (9 + (-29 - -25) + 1 + -3)
44
-111 + 106 + 4 + -6 + -69 - -12
-64
What is (39 - 7) + -26 + -66 + -1 + 0?
-61
Evaluate (-46 - -28) + 20 + 1 + -59.
-56
Evaluate -77 - (40 + -87 + 32).
-62
Calculate 24 + -27 + 11 - (3 + (3 - -6)).
-4
What is 10 - ((-2 - (-4 - 4)) + -131 - -14)?
121
Calculate -70 + (-67 + 44 - (-3 - (14 + -9)) - -26).
-59
Calculate -4 - (28 + (2 - 5) + (342 - 336)).
-35
What is (-144 - (-69 + 15)) + 62?
-28
Evaluate 10 - (-5 + 15 + 108 - (7 + -4 + 6)).
-99
Evaluate (144 - -5) + (32 - 0 - (-413 - -458)).
136
17 + 14 + (-2 - (17 + -15)) + 61
88
What is the value of -1358 + 1396 - (0 - -5)?
33
47 + -147 + 94 - (22 + 1)
-29
Calculate (-3 - (4 + 13)) + -734 + 721.
-33
What is -3 - -11 - (-24 + (-21 - (-1 + -6)))?
46
What is -4 + 2 + 35 - (-12 - ((17 - 15) + -13))?
34
What is -57 - (100 - (73 - -45))?
-39
(0 + -22 - 8) + 2 + (2 + 14 - 13)
-25
Evaluate 6363 + -6374 + (-27 + 1 - 4).
-41
What is 18 - (14 + -4 + 61 + 0) - -12?
-41
What is -13 - -70 - (92 + -101)?
66
Calculate 1 - -47 - (-52 + (41 - -17) - 12).
54
(85 - 75) + (-83 - 22)
-95
What is the value of (1 + -6 - (-97 - -90)) + 28?
30
(-47 - 23) + -15 - -139
54
Calculate 3 + 0 + -17 - (3 + -14 + 10).
-13
What is the value of -30 - ((-2 - -17) + (4 - (44 - 33)))?
-38
What is the value of (56 - (14 + 12 - -19)) + -2 + 1 + 97?
107
What is the value of 47 + (-13 + 19 + 9 - 12) - -3?
53
-43 - 16 - 93 - -118
-34
888 + -976 + 2 + 93
7
What is the value of 16 + (73 - (3 - (12 - (19 - 9))))?
88
What is -78 + 100 + 211 + -143?
90
Evaluate -60 - (0 + 17 - ((90 - 117) + 18)).
-86
Evaluate -5 + -23 + 30 + -14 - -4.
-8
What is (0 + -1 - 9) + (282 - 259) - -8?
21
Calculate (48 - -6) + (-63 - -48).
39
What is the value of -14 + (-18 - 7) - ((0 - (-6 + 5)) + 8)?
-48
Evaluate 35 + 6 + -9 + -1 + 13.
44
What is 4 + (7 + -13 - -26)?
24
-6 - (-24 - -20) - (11 - -35)
-48
What is (3 - (-25 + 5)) + 1806 + -1863?
-34
15 + -5 + (-65 + 9 + -5 - -9)
-42
What is (17 - 2) + (-44 - -19) + 29?
19
Calculate (-1 - 49) + 138 + (29 - 173).
-56
(48 - 49) + (17 + 2 - (-7 + 12))
13
What is -32 + 19 - (9 - (8 - (79 - (1 - -7))))?
-85
Calculate (-2 + 26 - (-39 - -52)) + 1 + -39.
-27
Calculate 11 + -1 + -1 + (-74 - -130 - 41).
24
4 - (10 - (-3 + (3 - 38 - -10) + -4))
-38
What is 55 - (38 + (-24 - -15))?
26
What is (214 - 225) + (20 - -3 - (9 + -4))?
7
What is -76 + (20 - 89 - -58 - (1 + -15))?
-73
(-7 + -60 - -12 - 17) + 8 + 21
-43
426 + -436 - ((163 - 165) + (-1 - -2 - 0))
-9
-1 + -9 - (-317 + 284) - 68
-45
Calculate (-28 - (3 + -75)) + -39 + 2 + 99.
106
-15 + -29 + (32 - -27) + -34
-19
Evaluate 107 - ((33 + (19 - 39) - 18) + -3).
115
What is (-294 - -301) + (-116 - (-4 - -1)) + -7?
-113
What is -2 + -7 - ((21 - (6 + -1)) + (-9 - -3))?
-19
What is the value of -7 - ((-6 - -14) + (0 + -87 - -12))?
60
What is 34 - (-13 - (-7 + -7 - -2))?
35
-67 + -36 + (130 - 23)
4
What is -16 + (-11 - (16 + -60))?
17
What is the value of -6 - (-37 + -14 - -26)?
19
(4 + 0 + -1 - 21) + 247 + -244
-15
Evaluate 1883 - 1974 - (-2 + -42).
-47
What is 24 + -1 - (-33 - 67 - -112)?
11
What is the value of (0 - (-12 + 4)) + 1 + 13?
22
Evaluate (13 - 9 - 1 - (12 - 17)) + -63.
-55
What is (46 - 30) + 32 - 86?
-38
Evaluate 14 + -27 - (16 + -29) - 2.
-2
Evaluate (-5 - -39 - (-25 + 40)) + 39.
58
99 + -94 + -8 + 7 + -2
2
Evaluate 0 + -1 - ((-4 - (24 - 15)) + (2 - -91)).
-81
What is (-33 - -55 - 70) + -15?
-63
Evaluate -10 + 6 + 38 + 35 + -13.
56
Evaluate (5 - (-10 + 5)) + -112 + 122 + -2 + 13.
31
What is the value of (-25 + 20 - (-2 - 43)) + (10 - 25)?
25
What is -374 + 417 + -59 + -2?
-18
Evaluate -14 - (-14 - 72 - -64).
8
What is the value of (-22 - -109) + -18 + 25?
94
Evaluate (619 - 591) + (-22 - -1 - -3).
10
What is -378 + 461 - (0 + (-7 - -11) - -13)?
